 33049844.
2, 31, 179, 1489
What are the prime factors of 45852623?
1187, 38629
List the prime factors of 800680944.
2, 3, 7, 2382979
List the prime factors of 49176298.
2, 503, 48883
List the prime factors of 392144451.
3, 31, 4216607
List the prime factors of 93082940.
2, 5, 4654147
What are the prime factors of 90834225?
3, 5, 577, 2099
What are the prime factors of 114537593?
83, 433, 3187
What are the prime factors of 4027038388?
2, 1006759597
What are the prime factors of 90157583?
90157583
What are the prime factors of 1828017829?
11, 3119, 53281
List the prime factors of 14564225.
5, 13, 41, 1093
What are the prime factors of 327338460?
2, 3, 5, 19, 95713
List the prime factors of 4817946698.
2, 19, 126788071
What are the prime factors of 167105334?
2, 3, 11, 877, 2887
What are the prime factors of 253986916?
2, 139, 456811
What are the prime factors of 2362198580?
2, 5, 7, 16872847
What are the prime factors of 387408903?
3, 7, 17, 1085179
What are the prime factors of 2478095563?
2478095563
What are the prime factors of 6879025178?
2, 31, 110952019
List the prime factors of 2811135104.
2, 21961993
List the prime factors of 1051684596.
2, 3, 37, 47, 107, 157
What are the prime factors of 108134929?
7, 15447847
List the prime factors of 1172125624.
2, 31, 59, 80107
List the prime factors of 1109715316.
2, 23, 12062123
What are the prime factors of 736549822?
2, 223, 1651457
List the prime factors of 33967446.
2, 3, 829, 6829
What are the prime factors of 6918690974?
2, 13, 17, 1259, 12433
List the prime factors of 367935649.
43, 431, 19853
List the prime factors of 304157049.
3, 7, 14483669
List the prime factors of 181146023.
10589, 17107
What are the prime factors of 567373549?
567373549
What are the prime factors of 484872970?
2, 5, 19, 41, 67, 929
What are the prime factors of 785166063?
3, 11, 17, 1399583
What are the prime factors of 2674674110?
2, 5, 31, 1627, 5303
What are the prime factors of 178634482?
2, 13, 131, 179, 293
What are the prime factors of 997685504?
2, 3897209
What are the prime factors of 7063086?
2, 3, 1177181
List the prime factors of 2025171340.
2, 5, 53, 71, 379
What are the prime factors of 2942533104?
2, 3, 7, 127, 9851
What are the prime factors of 69002657?
69002657
List the prime factors of 795185836.
2, 31, 751, 8539
What are the prime factors of 193657089?
3, 64552363
What are the prime factors of 354034994?
2, 177017497
List the prime factors of 75536848.
2, 17, 331, 839
List the prime factors of 1362939263.
7, 1259, 22093
List the prime factors of 323517729.
3, 107839243
List the prime factors of 130672578.
2, 3, 21778763
What are the prime factors of 211697858?
2, 43, 157, 15679
List the prime factors of 862560671.
7, 17, 3583
List the prime factors of 93546446.
2, 7, 6681889
What are the prime factors of 36298687?
173, 209819
List the prime factors of 585207684.
2, 3, 103, 157823
What are the prime factors of 75758756?
2, 18939689
List the prime factors of 1577830720.
2, 5, 4930721
List the prime factors of 390579247.
67, 1627, 3583
List the prime factors of 428706989.
428706989
List the prime factors of 490791506.
2, 683, 359291
What are the prime factors of 88003858?
2, 19, 121889
List the prime factors of 20311440.
2, 3, 5, 84631
List the prime factors of 111586322.
2, 55793161
List the prime factors of 4969490460.
2, 3, 5, 11, 29, 259639
What are the prime factors of 161623975?
5, 19, 340261
What are the prime factors of 68053017?
3, 22684339
List the prime factors of 1525873366.
2, 762936683
What are the prime factors of 66180889?
66180889
What are the prime factors of 174215101?
174215101
What are the prime factors of 35917863?
3, 29, 412849
List the prime factors of 120603170.
2, 5, 29, 415873
List the prime factors of 613777361.
613777361
What are the prime factors of 83254764?
2, 3, 41, 169217
List the prime factors of 5507693.
251, 21943
List the prime factors of 11969831.
1733, 6907
List the prime factors of 1428969564.
2, 3, 11, 467, 7727
List the prime factors of 37573707.
3, 12524569
What are the prime factors of 1327746?
2, 3, 7, 101, 313
List the prime factors of 95949323.
95949323
List the prime factors of 90041526.
2, 3, 163, 30689
What are the prime factors of 6506931415?
5, 1301386283
What are the prime factors of 25773323?
4159, 6197
List the prime factors of 359926960.
2, 5, 4499087
What are the prime factors of 420770865?
3, 5, 19, 541, 2729
What are the prime factors of 46185564?
2, 3, 23, 167339
List the prime factors of 86423091.
3, 3271, 8807
List the prime factors of 665454325.
5, 317, 83969
What are the prime factors of 6464123?
19, 83, 4099
What are the prime factors of 29678745?
3, 5, 29, 68227
List the prime factors of 995015996.
2, 13, 19134923
What are the prime factors of 137029793?
137029793
What are the prime factors of 24965616?
2, 3, 13, 40009
What are the prime factors of 56066215?
5, 71, 157933
What are the prime factors of 293448437?
293448437
List the prime factors of 222238061.
43, 73, 83, 853
What are the prime factors of 677459049?
3, 79, 307, 9311
What are the prime factors of 1039101314?
2, 23, 2053, 11003
List the prime factors of 2014960.
2, 5, 89, 283
What are the prime factors of 86488540?
2, 5, 149, 29023
List the prime factors of 4285609139.
7, 4463, 19597
List the prime factors of 54608746.
2, 103, 265091
List the prime factors of 4016966302.
2, 1511, 1329241
What are the prime factors of 1742028801?
3, 107, 1427, 3803
What are the prime factors of 106980131?
47, 1399, 1627
List the prime factors of 857612077.
7, 127, 964693
What are the prime factors of 7155954538?
2, 331, 10809599
List the prime factors of 1657256441.
17, 173, 563501
List the prime factors of 394395396.
2, 3, 32866283
List the prime factors of 8163477591.
3, 241, 11291117
List the prime factors of 1051018495.
5, 1667, 126097
What are the prime factors of 5422082172?
2, 3, 13, 257, 135241
What are the prime factors of 129394449?
3, 4792387
What are the prime factors of 8644643069?
53, 89, 1832657
What are the prime factors of 4999159794?
2, 3, 47, 199, 89083
What are the prime factors of 9232769?
7, 13, 71, 1429
List the prime factors of 737907760.
2, 5, 9223847
List the prime factors of 61671834.
2, 3, 7, 19, 31, 277
What are the prime factors of 2246760102?
2, 3, 37, 109, 92849
List the prime factors of 53333249.
53333249
List the prime factors of 128995130.
2, 5, 11, 1172683
List the prime factors of 3328985574.
2, 3, 29, 61, 34849
List the prime factors of 70084751.
11, 1451, 4391
List the prime factors of 59754307.
59754307
What are the prime factors of 338514533?
7, 43, 137, 8209
List the prime factors of 514574542.
2, 5501, 46771
What are the prime factors of 690981498?
2, 3, 47, 816763
List the prime factors of 543739965.
3, 5, 36249331
List the prime factors of 1514675932.
2, 7, 11, 4917779
What are the prime factors of 674385528?
2, 3, 199, 337, 419
What are the prime factors of 1665242243?
7, 89, 347, 7703
List the prime factors of 992584961.
139, 7140899
What are the prime factors of 584461466?
2, 673, 434221
List the prime factors of 6874744.
2, 401, 2143
What are the prime factors of 668094185?
5, 11, 67, 181301
List the prime factors of 618619618.
2, 1901, 162709
List the prime factors of 705156441.
3, 11, 43, 67, 7417
What are the prime factors of 2973978022?
2, 1486989011
List the prime factors of 577739825.
5, 13, 1777661
What are the prime factors of 836081994?
2, 3, 11, 73, 97, 1789
What are the prime factors of 58407248?
2, 167, 21859
List the prime factors of 103197039.
3, 11, 97, 103, 313
What are the prime factors of 3460205194?
2, 17, 239, 425819
What are the prime factors of 2779510028?
2, 109, 6375023
List the prime factors of 718028644.
2, 233, 770417
What are the prime factors of 94008625?
5, 61, 12329
List the prime factors of 39900338.
2, 571, 34939
What are the prime factors of 1238087990?
2, 5, 409, 302711
What are the prime factors of 571101878?
2, 4051, 70489
What are the prime factors of 1028488187?
97, 10602971
List the prime factors of 4768365.
3, 5, 7, 45413
What are the prime factors of 68968901?
2927, 23563
What are the prime factors of 284341243?
173, 1643591
List the prime factors of 7782397661.
47491, 163871
What are the prime